{"id":96,"date":"2019-10-22T17:09:37","date_gmt":"2019-10-22T17:09:37","guid":{"rendered":"https:\/\/startup.anabilim.k12.tr\/?page_id=96"},"modified":"2025-03-08T06:33:50","modified_gmt":"2025-03-08T06:33:50","slug":"ss","status":"publish","type":"page","link":"https:\/\/startup.anabilim.k12.tr\/","title":{"rendered":"ss"},"content":{"rendered":"\t\t<div data-elementor-type=\"wp-page\" data-elementor-id=\"96\" class=\"elementor elementor-96\" data-elementor-settings=\"[]\">\n\t\t\t\t\t\t<div class=\"elementor-inner\">\n\t\t\t\t\t\t\t<div class=\"elementor-section-wrap\">\n\t\t\t\t\t\t\t<section class=\"elementor-section elementor-top-section elementor-element elementor-element-da1beab elementor-section-boxed elementor-section-height-default elementor-section-height-default\" data-id=\"da1beab\" data-element_type=\"section\">\n\t\t\t\t\t\t<div class=\"elementor-container elementor-column-gap-default\">\n\t\t\t\t\t\t\t<div class=\"elementor-row\">\n\t\t\t\t\t<div class=\"elementor-column elementor-col-100 elementor-top-column elementor-element elementor-element-ed98169\" data-id=\"ed98169\" data-element_type=\"column\">\n\t\t\t<div class=\"elementor-column-wrap elementor-element-populated\">\n\t\t\t\t\t\t\t<div class=\"elementor-widget-wrap\">\n\t\t\t\t\t\t<div class=\"elementor-element elementor-element-b9c9c71 elementor-invisible elementor-widget elementor-widget-text-editor\" data-id=\"b9c9c71\" data-element_type=\"widget\" data-settings=\"{&quot;_animation&quot;:&quot;none&quot;}\" data-widget_type=\"text-editor.default\">\n\t\t\t\t<div class=\"elementor-widget-container\">\n\t\t\t\t\t<div class=\"elementor-text-editor elementor-clearfix\"><\/div>\n\t\t\t\t<\/div>\n\t\t\t\t<\/div>\n\t\t\t\t<div class=\"elementor-element elementor-element-3f49525 elementor-widget elementor-widget-heading\" data-id=\"3f49525\" data-element_type=\"widget\" data-widget_type=\"heading.default\">\n\t\t\t\t<div class=\"elementor-widget-container\">\n\t\t\t<h2 class=\"elementor-heading-title elementor-size-default\"><h1 data-elementor-setting-key=\"title\" data-pen-placeholder=\"Type Here...\" style=\"color: rgba(0, 0, 0, 0.75); text-shadow: rgba(0, 0, 0, 0.3) 0px 0px 10px;\"><b>B\u00fcy\u00fck Hayalleri Olan Gen\u00e7ler Buraya<\/b><\/h1><\/h2>\t\t<\/div>\n\t\t\t\t<\/div>\n\t\t\t\t<div class=\"elementor-element elementor-element-bbe93db elementor-widget elementor-widget-text-editor\" data-id=\"bbe93db\" data-element_type=\"widget\" data-widget_type=\"text-editor.default\">\n\t\t\t\t<div class=\"elementor-widget-container\">\n\t\t\t\t\t<div class=\"elementor-text-editor elementor-clearfix\"><p><b>T\u00fcrkiye\u2019de ilk kez<\/b>\u00a0 lise grubu ile ger\u00e7ekle\u015ftirilen Startup Camp&#8217;in be\u015fincisi bu y\u0131l 21-23 Mart tarihlerinde ger\u00e7ekle\u015ftiriliyor.<\/p><p>Hayallerinin pe\u015finden ko\u015fan liseli gen\u00e7lerin ba\u015far\u0131l\u0131 startup\u2019lar ortaya \u00e7\u0131kartmalar\u0131 i\u00e7in d\u00fczenlenen etkinlikle, ekipler giri\u015fimcilik e\u011fitiminin ard\u0131ndan j\u00fcriye yapacaklar\u0131 sunumlarla yar\u0131\u015f\u0131yor.<\/p><\/div>\n\t\t\t\t<\/div>\n\t\t\t\t<\/div>\n\t\t\t\t\t\t<\/div>\n\t\t\t\t\t<\/div>\n\t\t<\/div>\n\t\t\t\t\t\t\t\t<\/div>\n\t\t\t\t\t<\/div>\n\t\t<\/section>\n\t\t\t\t<section class=\"elementor-section elementor-top-section elementor-element elementor-element-5739511 elementor-section-boxed elementor-section-height-default elementor-section-height-default\" data-id=\"5739511\" data-element_type=\"section\">\n\t\t\t\t\t\t<div class=\"elementor-container elementor-column-gap-default\">\n\t\t\t\t\t\t\t<div class=\"elementor-row\">\n\t\t\t\t\t<div class=\"elementor-column elementor-col-100 elementor-top-column elementor-element elementor-element-fe49b3f\" data-id=\"fe49b3f\" data-element_type=\"column\">\n\t\t\t<div class=\"elementor-column-wrap elementor-element-populated\">\n\t\t\t\t\t\t\t<div class=\"elementor-widget-wrap\">\n\t\t\t\t\t\t<div class=\"elementor-element elementor-element-5e1a71e elementor-widget elementor-widget-heading\" data-id=\"5e1a71e\" data-element_type=\"widget\" data-widget_type=\"heading.default\">\n\t\t\t\t<div class=\"elementor-widget-container\">\n\t\t\t<h2 class=\"elementor-heading-title elementor-size-default\">Kimler Ba\u015fvurabilir?<\/h2>\t\t<\/div>\n\t\t\t\t<\/div>\n\t\t\t\t\t\t<\/div>\n\t\t\t\t\t<\/div>\n\t\t<\/div>\n\t\t\t\t\t\t\t\t<\/div>\n\t\t\t\t\t<\/div>\n\t\t<\/section>\n\t\t\t\t<section class=\"elementor-section elementor-top-section elementor-element elementor-element-8dd0a45 elementor-section-boxed elementor-section-height-default elementor-section-height-default\" data-id=\"8dd0a45\" data-element_type=\"section\">\n\t\t\t\t\t\t<div class=\"elementor-container elementor-column-gap-default\">\n\t\t\t\t\t\t\t<div class=\"elementor-row\">\n\t\t\t\t\t<div class=\"elementor-column elementor-col-100 elementor-top-column elementor-element elementor-element-280b05f\" data-id=\"280b05f\" data-element_type=\"column\">\n\t\t\t<div class=\"elementor-column-wrap elementor-element-populated\">\n\t\t\t\t\t\t\t<div class=\"elementor-widget-wrap\">\n\t\t\t\t\t\t<div class=\"elementor-element elementor-element-cbd9ced elementor-widget elementor-widget-text-editor\" data-id=\"cbd9ced\" data-element_type=\"widget\" data-widget_type=\"text-editor.default\">\n\t\t\t\t<div class=\"elementor-widget-container\">\n\t\t\t\t\t<div class=\"elementor-text-editor elementor-clearfix\"><p>\u00dclke genelinde lisede e\u011fitim hayat\u0131na devam eden kendinde giri\u015fimci ruhu hisseden herkes kat\u0131labilir. Startup Camp&#8217;e kat\u0131lmak i\u00e7in ister fikrinizle tek ba\u015f\u0131n\u0131za isterseniz ekip arkada\u015f\u0131n\u0131zla ba\u015fvurabilirsiniz. Olu\u015fturulan ekipler minimum 3 ki\u015fi, maksimum 5 ki\u015fi olmal\u0131d\u0131r. \u00d6nemli olan daha \u00f6nceden ger\u00e7ekle\u015ftirilmi\u015f ya da geli\u015ftirme a\u015famas\u0131nda olan bir fikirle yar\u0131\u015fmamak.<\/p><\/div>\n\t\t\t\t<\/div>\n\t\t\t\t<\/div>\n\t\t\t\t\t\t<\/div>\n\t\t\t\t\t<\/div>\n\t\t<\/div>\n\t\t\t\t\t\t\t\t<\/div>\n\t\t\t\t\t<\/div>\n\t\t<\/section>\n\t\t\t\t<section class=\"elementor-section elementor-top-section elementor-element elementor-element-7a04fb3 elementor-section-boxed elementor-section-height-default elementor-section-height-default\" data-id=\"7a04fb3\" data-element_type=\"section\">\n\t\t\t\t\t\t<div class=\"elementor-container elementor-column-gap-default\">\n\t\t\t\t\t\t\t<div class=\"elementor-row\">\n\t\t\t\t\t<div class=\"elementor-column elementor-col-100 elementor-top-column elementor-element elementor-element-54bc49c\" data-id=\"54bc49c\" data-element_type=\"column\">\n\t\t\t<div class=\"elementor-column-wrap elementor-element-populated\">\n\t\t\t\t\t\t\t<div class=\"elementor-widget-wrap\">\n\t\t\t\t\t\t<div class=\"elementor-element elementor-element-e313e59 elementor-widget elementor-widget-heading\" data-id=\"e313e59\" data-element_type=\"widget\" data-widget_type=\"heading.default\">\n\t\t\t\t<div class=\"elementor-widget-container\">\n\t\t\t<h2 class=\"elementor-heading-title elementor-size-default\">Ba\u015fvuru <\/h2>\t\t<\/div>\n\t\t\t\t<\/div>\n\t\t\t\t\t\t<\/div>\n\t\t\t\t\t<\/div>\n\t\t<\/div>\n\t\t\t\t\t\t\t\t<\/div>\n\t\t\t\t\t<\/div>\n\t\t<\/section>\n\t\t\t\t<section class=\"elementor-section elementor-top-section elementor-element elementor-element-9b3ec05 elementor-section-boxed elementor-section-height-default elementor-section-height-default\" data-id=\"9b3ec05\" data-element_type=\"section\">\n\t\t\t\t\t\t<div class=\"elementor-container elementor-column-gap-default\">\n\t\t\t\t\t\t\t<div class=\"elementor-row\">\n\t\t\t\t\t<div class=\"elementor-column elementor-col-100 elementor-top-column elementor-element elementor-element-24360ab\" data-id=\"24360ab\" data-element_type=\"column\">\n\t\t\t<div class=\"elementor-column-wrap elementor-element-populated\">\n\t\t\t\t\t\t\t<div class=\"elementor-widget-wrap\">\n\t\t\t\t\t\t<div class=\"elementor-element elementor-element-7e09eb8 elementor-widget elementor-widget-text-editor\" data-id=\"7e09eb8\" data-element_type=\"widget\" data-widget_type=\"text-editor.default\">\n\t\t\t\t<div class=\"elementor-widget-container\">\n\t\t\t\t\t<div class=\"elementor-text-editor elementor-clearfix\"><div style=\"font-family: var( --e-global-typography-text-font-family ), Sans-serif; width: 1120px;\" data-id=\"711fb91\" data-element_type=\"widget\" data-widget_type=\"text-editor.default\"><div><div><p>\u00d6n kay\u0131t ba\u015fvurular\u0131n\u0131n al\u0131nmas ve ba\u015fvurular\u0131n de\u011ferlendirilmesi:\u00a0 <b>20 \u015eubat<\/b><span style=\"font-weight: bold;\"> &#8211; 15 Mart 2025<\/span><br \/>Ba\u015fvuru sonu\u00e7lar\u0131n\u0131n a\u00e7\u0131klanmas\u0131 ve kesin kay\u0131t:\u00a0<span style=\"font-weight: bold;\"> 17 Mart 2025<\/span><\/p><\/div><\/div><\/div><div style=\"color: rgba(0, 0, 0, 0.63); font-family: var( --e-global-typography-text-font-family ), Sans-serif; font-weight: 400; width: 1120px;\" data-id=\"27daae8\" data-element_type=\"widget\" data-widget_type=\"text-editor.default\"><div><div><p>\u2022T\u00fcm ba\u015fvurular startup.anabilim.k12.tr adresinden doldurulan form\u00a0 \u00fczerinden de\u011ferlendirilecektir.\u00a0<br \/>\u2022\u00d6n kay\u0131t formu doldurulduktan sonra \u00f6n kayd\u0131n yap\u0131ld\u0131\u011f\u0131na dair bilgilendirme e-postas\u0131 g\u00f6nderilir. Ba\u015fvurular organizasyon komitesi taraf\u0131ndan de\u011ferlendirilir.<br \/>Ba\u015fvuru sonu\u00e7lar\u0131 a\u00e7\u0131kland\u0131ktan sonra kat\u0131l\u0131mc\u0131ya kabul edildi\u011fine dair bilgilendirme e-postas\u0131 g\u00f6nderilir veya telefonla aran\u0131r.<\/p><p>Organizasyon \u00fccreti 500 TL dr. \u0130\u015f Bankas\u0131- TR 50 0006\u00a0 4000 0011 2260 9407\u00a0 78 IBAN numaral\u0131 Esra \u00d6zdemir hesab\u0131na \u00f6deme yap\u0131lmal\u0131d\u0131r. Dekontlarda kat\u0131l\u0131mc\u0131 ad\u0131 soyad\u0131 mutlaka yaz\u0131lmal\u0131, startup@anabilim.k12.tr adresine e-posta g\u00f6nderilmelidir. \u00d6deme i\u015flemi tamamland\u0131ktan organizasyona kay\u0131t i\u015flemi ba\u015flat\u0131lacak ve kontenjana g\u00f6re ilgili ki\u015fiye kesin kay\u0131t i\u015fleminin yap\u0131ld\u0131\u011f\u0131 ile ilgili bilgi verilecektir. Kontenjan kalmamas\u0131 durumunda \u00fccret ayn\u0131 hesaba iade edilecektir.<\/p><\/div><\/div><\/div><\/div>\n\t\t\t\t<\/div>\n\t\t\t\t<\/div>\n\t\t\t\t\t\t<\/div>\n\t\t\t\t\t<\/div>\n\t\t<\/div>\n\t\t\t\t\t\t\t\t<\/div>\n\t\t\t\t\t<\/div>\n\t\t<\/section>\n\t\t\t\t<section class=\"elementor-section elementor-top-section elementor-element elementor-element-26fc2d3 elementor-section-boxed elementor-section-height-default elementor-section-height-default\" data-id=\"26fc2d3\" data-element_type=\"section\">\n\t\t\t\t\t\t<div class=\"elementor-container elementor-column-gap-default\">\n\t\t\t\t\t\t\t<div class=\"elementor-row\">\n\t\t\t\t\t<div class=\"elementor-column elementor-col-100 elementor-top-column elementor-element elementor-element-4953904\" data-id=\"4953904\" data-element_type=\"column\">\n\t\t\t<div class=\"elementor-column-wrap elementor-element-populated\">\n\t\t\t\t\t\t\t<div class=\"elementor-widget-wrap\">\n\t\t\t\t\t\t<div class=\"elementor-element elementor-element-ae87618 elementor-widget elementor-widget-button\" data-id=\"ae87618\" data-element_type=\"widget\" data-widget_type=\"button.default\">\n\t\t\t\t<div class=\"elementor-widget-container\">\n\t\t\t\t\t<div class=\"elementor-button-wrapper\">\n\t\t\t<a href=\"https:\/\/forms.gle\/qDbR4eMtCDmNB6yNA\" target=\"_blank\" class=\"elementor-button-link elementor-button elementor-size-sm\" role=\"button\">\n\t\t\t\t\t\t<span class=\"elementor-button-content-wrapper\">\n\t\t\t\t\t\t<span class=\"elementor-button-text\">Ba\u015fvuru Formu <\/span>\n\t\t<\/span>\n\t\t\t\t\t<\/a>\n\t\t<\/div>\n\t\t\t\t<\/div>\n\t\t\t\t<\/div>\n\t\t\t\t\t\t<\/div>\n\t\t\t\t\t<\/div>\n\t\t<\/div>\n\t\t\t\t\t\t\t\t<\/div>\n\t\t\t\t\t<\/div>\n\t\t<\/section>\n\t\t\t\t<section class=\"elementor-section elementor-top-section elementor-element elementor-element-6b6f48d elementor-section-boxed elementor-section-height-default elementor-section-height-default\" data-id=\"6b6f48d\" data-element_type=\"section\">\n\t\t\t\t\t\t<div class=\"elementor-container elementor-column-gap-default\">\n\t\t\t\t\t\t\t<div class=\"elementor-row\">\n\t\t\t\t\t<div class=\"elementor-column elementor-col-100 elementor-top-column elementor-element elementor-element-922af8d\" data-id=\"922af8d\" data-element_type=\"column\">\n\t\t\t<div class=\"elementor-column-wrap elementor-element-populated\">\n\t\t\t\t\t\t\t<div class=\"elementor-widget-wrap\">\n\t\t\t\t\t\t<div class=\"elementor-element elementor-element-12ff3fd elementor-aspect-ratio-169 elementor-widget elementor-widget-video\" data-id=\"12ff3fd\" data-element_type=\"widget\" data-settings=\"{&quot;aspect_ratio&quot;:&quot;169&quot;}\" data-widget_type=\"video.default\">\n\t\t\t\t<div class=\"elementor-widget-container\">\n\t\t\t\t\t<div class=\"elementor-wrapper elementor-fit-aspect-ratio elementor-open-inline\">\n\t\t\t<iframe class=\"elementor-video-iframe\" allowfullscreen title=\"youtube Video Player\" src=\"https:\/\/www.youtube.com\/embed\/6qAeiDc-j7I?feature=oembed&amp;start&amp;end&amp;wmode=opaque&amp;loop=0&amp;controls=1&amp;mute=0&amp;rel=0&amp;modestbranding=0\"><\/iframe>\t\t<\/div>\n\t\t\t\t<\/div>\n\t\t\t\t<\/div>\n\t\t\t\t\t\t<\/div>\n\t\t\t\t\t<\/div>\n\t\t<\/div>\n\t\t\t\t\t\t\t\t<\/div>\n\t\t\t\t\t<\/div>\n\t\t<\/section>\n\t\t\t\t\t\t<\/div>\n\t\t\t\t\t\t<\/div>\n\t\t\t\t\t<\/div>\n\t\t","protected":false},"excerpt":{"rendered":"<p>B\u00fcy\u00fck Hayalleri Olan Gen\u00e7ler Buraya T\u00fcrkiye\u2019de ilk kez\u00a0 lise grubu ile ger\u00e7ekle\u015ftirilen Startup Camp&#8217;in be\u015fincisi bu y\u0131l 21-23 Mart tarihlerinde ger\u00e7ekle\u015ftiriliyor. Hayallerinin pe\u015finden ko\u015fan liseli gen\u00e7lerin ba\u015far\u0131l\u0131 startup\u2019lar ortaya \u00e7\u0131kartmalar\u0131 i\u00e7in d\u00fczenlenen etkinlikle, ekipler giri\u015fimcilik e\u011fitiminin ard\u0131ndan j\u00fcriye yapacaklar\u0131 sunumlarla yar\u0131\u015f\u0131yor. Kimler Ba\u015fvurabilir? \u00dclke genelinde lisede e\u011fitim hayat\u0131na devam eden kendinde giri\u015fimci ruhu hisseden herkes&#8230;<\/p>\n","protected":false},"author":1,"featured_media":0,"parent":0,"menu_order":0,"comment_status":"closed","ping_status":"closed","template":"elementor_header_footer","meta":{"footnotes":""},"class_list":["post-96","page","type-page","status-publish","hentry"],"_links":{"self":[{"href":"https:\/\/startup.anabilim.k12.tr\/index.php?rest_route=\/wp\/v2\/pages\/96","targetHints":{"allow":["GET"]}}],"collection":[{"href":"https:\/\/startup.anabilim.k12.tr\/index.php?rest_route=\/wp\/v2\/pages"}],"about":[{"href":"https:\/\/startup.anabilim.k12.tr\/index.php?rest_route=\/wp\/v2\/types\/page"}],"author":[{"embeddable":true,"href":"https:\/\/startup.anabilim.k12.tr\/index.php?rest_route=\/wp\/v2\/users\/1"}],"replies":[{"embeddable":true,"href":"https:\/\/startup.anabilim.k12.tr\/index.php?rest_route=%2Fwp%2Fv2%2Fcomments&post=96"}],"version-history":[{"count":133,"href":"https:\/\/startup.anabilim.k12.tr\/index.php?rest_route=\/wp\/v2\/pages\/96\/revisions"}],"predecessor-version":[{"id":725,"href":"https:\/\/startup.anabilim.k12.tr\/index.php?rest_route=\/wp\/v2\/pages\/96\/revisions\/725"}],"wp:attachment":[{"href":"https:\/\/startup.anabilim.k12.tr\/index.php?rest_route=%2Fwp%2Fv2%2Fmedia&parent=96"}],"curies":[{"name":"wp","href":"https:\/\/api.w.org\/{rel}","templated":true}]}}